r. Give v(-4).
-3
Let h(n) be the third derivative of -n**5/30 + 7*n**4/24 - 5*n**3/6 + 3*n**2. Let g = -1 + 3. Suppose g*z - 5*z + 12 = 0. Calculate h(z).
-9
Let y(l) be the first derivative of l**2/2 + 5*l - 2. Let i be ((5 - 2)/3)/(1/(-6)). Give y(i).
-1
Let y(r) be the third derivative of -5*r**4/24 + 2*r**2. Let m be 1 + (-2 - (1 + -1)). Give y(m).
5
Let v(i) = i + 2. Let f(q) = -1. Suppose -8 = 3*a - 7*a. Let h(g) = a*v(g) - 2*f(g). Calculate h(-5).
-4
Let t be 4/6 + 38/6. Let j = 19 - t. Suppose 4*m - 4*s = -0*m + j, -4*s - 6 = -3*m. Let o(a) = a**3 - 6*a**2 - a + 7. What is o(m)?
1
Let h(c) = -12*c**3 - c**2 - 2*c - 1. Let l = 6 + -3. Suppose -2*y - l*y + 2*s = 3, -2*y + 3*s + 1 = 0. Determine h(y).
12
Let j(z) = 0*z**2 + 0*z**2 - z**3 - 1 - 4*z**2 - 4. Let w(k) = -2*k + 4. Let l be w(3). Let u be (3/l)/((-3)/(-8)). Calculate j(u).
-5
Let h(t) = 3*t - 2. Let o(r) = r + 7. Let q be o(-5). What is h(q)?
4
Let a be 1/3 - 5/(-3). Let u(r) = 2*r**2 - 2*r**a + 2*r**2. Let n = -1 + 2. What is u(n)?
2
Suppose -5*k + 2*m = 5*m - 10, 4*k = 2*m + 8. Let q(c) = c**3 - c**2 + 3*c - 3. Calculate q(k).
7
Let r(z) be the second derivative of -z**3/6 - z**2/2 + 6*z + 1. Let i be 1 + (-1)/(-2 - -1). Let c(o) = -3*o - 4. Let s(h) = i*r(h) - c(h). Determine s(-6).
-4
Let m(t) be the third derivative of -t**5/60 + 5*t**4/24 - t**3/6 + 15*t**2. What is m(3)?
5
Let z(o) = 818 - 823 - 2*o**2 - 8*o**2 + 9*o + o**3. Give z(9).
-5
Suppose -3*y + 18 = -6*y. Let q(c) = 7*c**2 + 4*c - 3. Let h(f) = 6*f**2 + 4*f - 3. Let g(d) = 6*h(d) - 5*q(d). What is g(y)?
9
Suppose 0 = -5*f + 4*w - 5, -4*w + w = 0. Let m(p) = 14*p - 4. Let a(r) = 5*r - 1. Let k(c) = -7*a(c) + 2*m(c). Calculate k(f).
6
Let r = -45 - -52. Let n(s) = s**3 - 7*s**2 - 3*s + 10. Determine n(r).
-11
Let v(b) = b**3 + 3*b**2 - 3*b + 3. Let x(o) = -o**3 - 2*o**2 + 2*o - 2. Let t(k) = -3*v(k) - 2*x(k). Give t(-6).
1
Let u = -28 + 28. Let n(c) be the second derivative of u - 1/12*c**4 + 1/3*c**3 + 2*c + c**2. Give n(4).
-6
Let s(c) = -c**2 + 8*c - 4. Let p(r) = 3*r**2 + 4*r + 3. Let h be p(-2). What is s(h)?
3
Let o(t) = -7*t + 0 - 1 + t. Let h(g) = -g**3 - 9*g**2 - 9*g - 9. Let d be h(-8). Calculate o(d).
5
Let s(h) = 7*h + 4. Let a(z) = -4*z - 2. Let g(n) = -11*a(n) - 6*s(n). Give g(5).
8
Let j(f) = -7*f - 1. Let n(h) = 11*h - 5. Let m(o) = 5*o - 2. Let g(w) = 5*m(w) - 2*n(w). Let y(d) = -5*g(d) - 2*j(d). Determine y(-2).
4
Let y = 11 - 7. Suppose y*p + 0*l = 2*l + 6, -5*l = p - 18. Let s(f) = -p*f**3 + 6*f - 2*f**3 + 0 + 6*f**3 - 6*f**2 + 6. Give s(5).
11
Let h(y) = -y**2 - 2*y + 20. Let x be h(-6). Let r(z) = z + 8. Determine r(x).
4
Let w = 5 + 1. Let p(n) = -n**3 + 5*n**2 + 6*n + 4. Let i be p(w). Let l(y) = 2 + 11*y - i*y - 4 + 4*y**2 - y**3. What is l(5)?
8
Suppose -3*p + l - 3 = 4, -14 = 5*p - 4*l. Let n(w) = -2*w - 1. Calculate n(p).
3
Let x(t) be the second derivative of t**4/6 + t**3/6 + 7*t**2/2 - 3*t. Let j(z) be the first derivative of x(z). Give j(3).
13
Suppose 4*p - 8 - 48 = 0. Let l = -10 + p. Let z(y) = 0*y + l*y - 3*y - 2*y + 1. Determine z(5).
-4
Let m(n) be the second derivative of n**3/6 + n. Let s = -11 - -9. Calculate m(s).
-2
Let h = 104 + -110. Let m(a) = -a**3 - 7*a**2 - 5*a. Give m(h).
-6
Suppose -4*f + 2 = -3*f. Let d be (15 - 1)*(-1)/(-2). Suppose 4*z - 13 = p, p = -z + f*z - d. Let j(w) = -w**2 - 5*w + 7. What is j(p)?
7
Let o(v) = 1 - 6*v + 8*v + 7*v. What is o(-1)?
-8
Suppose -5*k + 4 = 14. Let s(p) = 8*p + 1. Let w(u) = u. Let i(f) = k*s(f) + 14*w(f). Give i(-3).
4
Let o(d) = -4*d**2 - d - 1. Let a be o(-1). Let r = a + 6. Let g(u) = u**3 - u**2 - 2. Give g(r).
2
Let o = -12 + 17. Let z(i) = i - 3. Let v be z(o). Suppose -7*l = -v*l + 15. Let c(b) = b - 1. Calculate c(l).
-4
Let l(a) be the second derivative of a**6/360 + a**5/120 - a**4/24 + a**3/2 + 3*a. Let m(v) be the second derivative of l(v). Determine m(2).
5
Let h be (2 - 2)/(2 + -1). Suppose h = -2*c + c - 5. Let a(y) be the second derivative of -y**3/6 + 3*y**2/2 - y. What is a(c)?
8
Let c(r) = -r + 3. Let f be (1/((-2)/4))/(-1). What is c(f)?
1
Let v be (-3 - -3 - -2)*-1. Let n(s) be the second derivative of -s**4/6 + s**3/6 + s. Determine n(v).
-10
Let m(r) = r**2 + 8. Let a be (-11)/(-5) - (-1)/(-5). Suppose -6 = -3*j - 0. Let n = j - a. Determine m(n).
8
Suppose -3*x - 4*f = -7, -5*x - 8 = 2*f - 1. Let q(a) = -4. Let j(u) = -u - 1 + 0 + 6. Let v(i) = x*j(i) - 4*q(i). Calculate v(2).
7
Let c = 25 - 17. Suppose c = b + 3*b. Let h = -5 + b. Let o(m) = -m**2 - 5*m - 1. Give o(h).
5
Let y be ((-4)/(-6))/(2*(-2)/(-6)). Let o be 8/(-6)*(-6)/4. Let l(h) = 0*h**o + 0*h**2 - 3*h**2. Calculate l(y).
-3
Suppose -4*r + 12 = 3*d + d, 0 = 4*d + 3*r - 13. Let q(w) = -4 - 203*w + 110*w + 95*w. Calculate q(d).
4
Let c(g) be the third derivative of -g**6/120 - 7*g**5/60 - 5*g**4/24 + 5*g**2. What is c(-6)?
-6
Let u = -8 - -11. Let c be (-6)/(4/2)*-1. Let o(q) = 1 + 0 + q**3 + 4*q - 5*q**3 + 3*q**c. Determine o(u).
-14
Let v(c) be the first derivative of c**4/4 - 2*c**3/3 + c**2/2 - c - 1. Let r(n) = 6*n + 1. Let w be r(-1). Let u be (-6)/w*(-35)/(-14). What is v(u)?
11
Let g(y) be the first derivative of y**4/2 - 2*y**3/3 - 3*y**2/2 - 3*y + 13. Determine g(3).
24
Let f(t) = 6*t. Suppose -z = -1 - 0. Suppose z = 4*p - 5*n, 4*n = 2*p - 1 - 1. What is f(p)?
-6
Let m(y) = y**2 + 4*y - 6. Suppose 0*c - 25 = p + 5*c, 4*p = -2*c - 28. Let x be m(p). Let u(g) = 2*g**2 - g - 1. What is u(x)?
2
Let r(w) = -w**2 - 9*w - 8. Let j(i) = i + 15. Let h be j(-6). Suppose 2*m - v = -h, m - 7*v = -2*v + 18. Give r(m).
6
Let n = 6 - 11. Let w = n - -9. Let i(z) = z**3 - 9*z**2 + 3*z - 1. Let r(u) = u**3 - 10*u**2 + 3*u - 2. Let t(l) = 5*i(l) - 4*r(l). What is t(w)?
-1
Let m(j) be the third derivative of j**8/6720 - j**7/630 - 7*j**6/720 + j**5/30 - j**4/8 - 2*j**2. Let c(u) be the second derivative of m(u). Calculate c(5).
-6
Let n(d) = -d**3 - d. Let p be n(-1). Let v be (-4)/(-6)*3 - 0. Let o(s) = 6*s + v - 2*s - s + 0. Give o(p).
8
Let u(i) = -2*i + i - 1 + 2 + 4*i. Let t(p) = 4*p. Suppose -3*n = -2*n - 4. Let l(h) = n*t(h) - 5*u(h). Determine l(5).
0
Let y(m) = -m + 2. Let x = -9 + 6. Let n be (-3 - -1) + x + 2. Determine y(n).
5
Let j(w) = w**2 - w - 2. Suppose 4*f + 4 = 32. Let c be (f/14)/(2/(-8)). What is j(c)?
4
Let b(o) = o**3 - 4*o**2 - 7*o + 1. Let i(w) = 2*w**3 - 9*w**2 - 15*w + 3. Let t(k) = 5*b(k) - 2*i(k). Calculate t(4).
11
Let y(k) = -k**3 - 2*k**2 + k - 1. Let l be y(-2). Let o(n) = n**2 + 1. Calculate o(l).
10
Suppose -5*v - 48 = -v. Let l(z) = z**3 + 11*z**2 - 13*z - 9. Let r be l(v). Let h(i) = 2*i**2 - 4*i - 1. What is h(r)?
5
Let i(p) = p. Let w be i(-7). Let a(u) be the first derivative of -u**2/2 - 7*u - 4. Give a(w).
0
Let i(j) = j**2. Let t be (-3*1 - 0)*-2. Suppose 3*u = -0*u + 5*s + 24, t = 5*u + 3*s. Suppose -3*f + 9 = -3*g, -u*g + 4*f = -6*g - 2. Give i(g).
4
Let x(z) be the first derivative of z**2 + z + 4. Let w(o) = o**2 - 5*o - 7. Let a be w(5). Let d(f) = f**3 + 6*f**2 - 7*f - 1. Let s be d(a). Determine x(s).
-1
Let l(w) = -w**2 - 4*w + 5. Let a(j) = 2*j**2 + 5*j - 6. Let m(y) = -6*y**3 + y**2 + 2*y + 1. Let o be m(-1). Let c(s) = o*a(s) + 7*l(s). Determine c(1).
6
Let i(d) = d**3 + d**2 + 3*d + 3. Suppose 3*s + 2 = 2*s - 3*j, -3*j - 10 = 5*s. Give i(s).
-7
Suppose -y + 24 = 2*y. Let r be (y + -8)*(-2)/4. Let j(d) be the third derivative of -d**6/120 + d**5/60 - 5*d**3/6 + d**2. Give j(r).
-5
Let b(a) = -1. Let d(f) = -f - 1. Let i(n) = -5*b(n) + 2*d(n). Calculate i(5).
-7
Let l = -62 + 61. Let n(k) be the third derivative of -k**5/10 - k**3/6 + k**2. What is n(l)?
-7
Let z(i) = 2 - 4*i**2 + 4 - 2*i**2 + i - 7. Calculate z(1).
-6
Let j(b) = -5*b**3 + 3*b + 1. Let q(v) = -v**3 - v**2. Let c(y) = -j(y) + 4*q(y). Let i(f) = -4*f. Let n be i(-3). Let s = 16 - n. What is c(s)?
-13
Suppose 0 = 4*v + 9 - 21. Let k(g) = 13*g**3 - 7*g**2 + 3*g + 25. Let h = 4 + -6. Let m(y) = -3*y**3 + 2*y**2 - y - 6. Let q(z) = h*k(z) - 9*m(z). What is q(v)?
4
Suppose -3*h + 6 + 0 = 0. Let f(n) = n - 4 + 6 - 3 - h*n**2. What is f(1)?
-2
Let p(x) = -x**3 - x**2 + 3*x + 3. Let z = 7 - -1. Let t(u) = -u**3 + 8*u**2 - 3. Let r be t(z). Calculate p(r).
12
Let i(b) = 0*b + 12 - 10 - 4*b - b**2 + 4*b**2. Let a be i(2). Let z(s) = 2 + a